{"id":3216,"date":"2022-10-04T10:16:49","date_gmt":"2022-10-04T08:16:49","guid":{"rendered":"http:\/\/www.farm-kongres.me\/?page_id=3216"},"modified":"2022-10-04T11:14:25","modified_gmt":"2022-10-04T09:14:25","slug":"o-kongresu-2019","status":"publish","type":"page","link":"https:\/\/farm-kongres.me\/eng\/kongres-2019\/o-kongresu-2019\/","title":{"rendered":"About Congress 2019"},"content":{"rendered":"<div class=\"wpb-content-wrapper\"><div class=\"vc_row wpb_row vc_row-fluid\"><div class=\"wpb_column vc_column_container vc_col-sm-12\"><div class=\"vc_column-inner\"><div class=\"wpb_wrapper\"><h2 style=\"color: #193282;text-align: left\" class=\"vc_custom_heading vc_do_custom_heading\" >ABOUT CONGRESS<\/h2><div class=\"vc_empty_space\"   style=\"height: 15px\"><span class=\"vc_empty_space_inner\"><\/span><\/div>\n\t<div class=\"wpb_text_column wpb_content_element\" >\n\t\t<div class=\"wpb_wrapper\">\n\t\t\t<p>Dear colleagues, guests and friends,<\/p>\n<p>We are pleased to invite You to the\u00a0<strong>Third Congress of Pharmacists of Montenegro with International participation<\/strong>, will be held is congress center \u2018Montenegro Stars\u2019, in Becici - Budva, from\u00a0<strong>9-12 May 2019. <\/strong>.<\/p>\n<p>We look forward to you and your participation and wish you a warm welcome to Montenegro.<\/p>\n<p style=\"text-align: left;\"><span style=\"color: #808080;\"><strong>Organization<\/strong><\/span><\/p>\n<h3><span style=\"color: #193282;\"><strong><a href=\"https:\/\/www.ucg.ac.me\/\" target=\"_blank\" rel=\"noopener\"><img loading=\"lazy\" decoding=\"async\" class=\"alignleft size-full wp-image-3052\" src=\"https:\/\/farm-kongres.me\/wp-content\/uploads\/2018\/11\/UCG.png\" alt=\"\" width=\"89\" height=\"89\" \/><\/a><a href=\"http:\/\/www.fkcg.org\" target=\"_blank\" rel=\"noopener\"><img loading=\"lazy\" decoding=\"async\" class=\"alignleft size-full wp-image-3054\" src=\"https:\/\/farm-kongres.me\/wp-content\/uploads\/2018\/11\/FARMACEUTSKA-KOMORA-CG.png\" alt=\"\" width=\"388\" height=\"89\" \/><\/a><\/strong><\/span><\/h3>\n\n\t\t<\/div>\n\t<\/div>\n<\/div><\/div><\/div><\/div><div class=\"vc_row wpb_row vc_row-fluid\"><div class=\"wpb_column vc_column_container vc_col-sm-12\"><div class=\"vc_column-inner\"><div class=\"wpb_wrapper\"><div class=\"vc_empty_space\"   style=\"height: 32px\"><span class=\"vc_empty_space_inner\"><\/span><\/div><h2 style=\"color: #193282;text-align: left\" class=\"vc_custom_heading vc_do_custom_heading\" >PLACE AND TIME<\/h2><div class=\"vc_empty_space\"   style=\"height: 15px\"><span class=\"vc_empty_space_inner\"><\/span><\/div>\n\t<div class=\"wpb_text_column wpb_content_element\" >\n\t\t<div class=\"wpb_wrapper\">\n\t\t\t<p><a href=\"https:\/\/farm-kongres.me\/wp-content\/uploads\/2018\/10\/montenegro-stars.png\"><img loading=\"lazy\" decoding=\"async\" class=\"alignnone size-medium wp-image-2679\" src=\"https:\/\/farm-kongres.me\/wp-content\/uploads\/2018\/10\/montenegro-stars-370x260.png\" alt=\"\" width=\"370\" height=\"260\" \/><\/a><\/p>\n<p>The place where this Congress will be held is\u00a0<strong>congress center \u2018Montenegro Stars\u2019,<\/strong> Montenegro,\u00a0<strong>9-12 May 2019.<\/strong> .<\/p>\n<p><a href=\"https:\/\/montenegrostars.com\/me\/\" target=\"_blank\" rel=\"noopener\"><em>View more...<\/em><\/a><\/p>\n\n\t\t<\/div>\n\t<\/div>\n<\/div><\/div><\/div><\/div><div class=\"vc_row wpb_row vc_row-fluid\"><div class=\"wpb_column vc_column_container vc_col-sm-12\"><div class=\"vc_column-inner\"><div class=\"wpb_wrapper\"><h2 style=\"color: #193282;text-align: left\" class=\"vc_custom_heading vc_do_custom_heading\" >Organization<\/h2><div class=\"vc_empty_space\"   style=\"height: 15px\"><span class=\"vc_empty_space_inner\"><\/span><\/div>\n\t<div class=\"wpb_text_column wpb_content_element\" >\n\t\t<div class=\"wpb_wrapper\">\n\t\t\t<p><strong>This Congress<\/strong> is organized by <strong>Montenegro Pharmaceutical Chamber and Faculty of Medicine \u2013 Study program Pharmacy from Podgorica<\/strong>\u00a0, in cooperation with The National Agency for medicines and medical devices.<\/p>\n<p>Executive organizer is PR and advertising Agency <strong>\u2018PRiSMA\u00a0\u2013 korporativne komunikacije\u2019<\/strong>.<\/p>\n<p>The official languages of the Third Congress of Pharmacists of Montenegro:\u00a0<strong>Montenegrin <\/strong>and<strong> English.<\/strong><\/p>\n\n\t\t<\/div>\n\t<\/div>\n<\/div><\/div><\/div><\/div>\n<\/div>","protected":false},"excerpt":{"rendered":"O KONGRESU Po\u0161tovane koleginice i kolege, dragi gosti i prijatelji, zadovoljstvo nam je da Vas pozovemo na\u00a0Tre\u0107i kongres farmaceuta Crne Gore sa me\u0111unarodnim u\u010de\u0161\u0107em, koji \u0107e se odr\u017eati u kongresnom centru 'Montenegro Stars', u Be\u010di\u0107ima - Budva,\u00a0od\u00a009 do 12. maja 2019. godine. Iskreno se radujemo Va\u0161em dolasku i u\u010de\u0161\u0107u, i \u017eelimo vam toplu dobrodo\u0161licu u [...]","protected":false},"author":1,"featured_media":0,"parent":3219,"menu_order":0,"comment_status":"closed","ping_status":"closed","template":"","meta":{"footnotes":""},"class_list":["post-3216","page","type-page","status-publish","hentry"],"_links":{"self":[{"href":"https:\/\/farm-kongres.me\/eng\/wp-json\/wp\/v2\/pages\/3216","targetHints":{"allow":["GET"]}}],"collection":[{"href":"https:\/\/farm-kongres.me\/eng\/wp-json\/wp\/v2\/pages"}],"about":[{"href":"https:\/\/farm-kongres.me\/eng\/wp-json\/wp\/v2\/types\/page"}],"author":[{"embeddable":true,"href":"https:\/\/farm-kongres.me\/eng\/wp-json\/wp\/v2\/users\/1"}],"replies":[{"embeddable":true,"href":"https:\/\/farm-kongres.me\/eng\/wp-json\/wp\/v2\/comments?post=3216"}],"version-history":[{"count":6,"href":"https:\/\/farm-kongres.me\/eng\/wp-json\/wp\/v2\/pages\/3216\/revisions"}],"predecessor-version":[{"id":3272,"href":"https:\/\/farm-kongres.me\/eng\/wp-json\/wp\/v2\/pages\/3216\/revisions\/3272"}],"up":[{"embeddable":true,"href":"https:\/\/farm-kongres.me\/eng\/wp-json\/wp\/v2\/pages\/3219"}],"wp:attachment":[{"href":"https:\/\/farm-kongres.me\/eng\/wp-json\/wp\/v2\/media?parent=3216"}],"curies":[{"name":"wp","href":"https:\/\/api.w.org\/{rel}","templated":true}]}}

O KONGRESU Poštovane koleginice i kolege, dragi gosti i prijatelji, zadovoljstvo nam je da Vas pozovemo na Treći kongres farmaceuta Crne Gore sa međunarodnim učešćem, koji će se održati u kongresnom centru 'Montenegro Stars', u Bečićima - Budva, od 09 do 12. maja 2019. godine. Iskreno se radujemo Vašem dolasku i učešću, i želimo vam toplu dobrodošlicu u [...]
